he prime factors of 83714.
2, 19, 2203
What are the prime factors of 3426062?
2, 751, 2281
What are the prime factors of 316263?
3, 47, 2243
List the prime factors of 666557.
666557
What are the prime factors of 431330?
2, 5, 43133
List the prime factors of 3545453.
29, 179, 683
What are the prime factors of 1009560?
2, 3, 5, 47, 179
What are the prime factors of 5027400?
2, 3, 5, 7, 19
What are the prime factors of 3342756?
2, 3, 278563
What are the prime factors of 1283837?
23, 55819
What are the prime factors of 2542635?
3, 5, 56503
List the prime factors of 246698.
2, 23, 31, 173
What are the prime factors of 11365613?
7, 139, 11681
What are the prime factors of 817894?
2, 7, 11, 47, 113
What are the prime factors of 4855963?
7, 19, 29, 1259
List the prime factors of 4752.
2, 3, 11
What are the prime factors of 2075572?
2, 518893
What are the prime factors of 696336?
2, 3, 89, 163
What are the prime factors of 245341?
23, 10667
What are the prime factors of 162749?
162749
List the prime factors of 562771.
11, 4651
What are the prime factors of 27623?
23, 1201
List the prime factors of 2059913.
2059913
List the prime factors of 838315.
5, 167663
List the prime factors of 771672.
2, 3, 11, 37, 79
What are the prime factors of 1377674?
2, 29, 23753
What are the prime factors of 10405097?
43, 241979
List the prime factors of 884280.
2, 3, 5, 7369
List the prime factors of 11386.
2, 5693
What are the prime factors of 241764?
2, 3, 20147
List the prime factors of 3026818.
2, 59, 113, 227
List the prime factors of 1065186.
2, 3, 17, 59
What are the prime factors of 42390?
2, 3, 5, 157
What are the prime factors of 13083586?
2, 569, 11497
What are the prime factors of 17569098?
2, 3, 61, 16001
What are the prime factors of 13935?
3, 5, 929
List the prime factors of 15285573.
3, 31, 54787
List the prime factors of 13832152.
2, 17, 19, 53, 101
What are the prime factors of 1415605?
5, 283121
What are the prime factors of 500507?
7, 127, 563
What are the prime factors of 22237?
37, 601
What are the prime factors of 21225406?
2, 131, 81013
What are the prime factors of 31883855?
5, 41, 43, 3617
List the prime factors of 551732.
2, 137933
List the prime factors of 4136105.
5, 61, 71, 191
What are the prime factors of 20488863?
3, 61, 103, 1087
List the prime factors of 4901313.
3, 97, 16843
List the prime factors of 1596703.
19, 4423
List the prime factors of 3099178.
2, 887, 1747
What are the prime factors of 5240639?
5240639
What are the prime factors of 21895214?
2, 11, 995237
What are the prime factors of 241246?
2, 120623
List the prime factors of 214308.
2, 3, 5953
List the prime factors of 984470.
2, 5, 17, 5791
What are the prime factors of 349768?
2, 43721
List the prime factors of 6953475.
3, 5, 23, 29, 139
List the prime factors of 6752180.
2, 5, 337609
What are the prime factors of 568602?
2, 3, 31, 1019
What are the prime factors of 1890292?
2, 472573
List the prime factors of 1244311.
311, 4001
What are the prime factors of 4716100?
2, 5, 47161
What are the prime factors of 16136847?
3, 29, 37, 557
List the prime factors of 1774526.
2, 13, 131, 521
What are the prime factors of 174948?
2, 3, 61, 239
List the prime factors of 857079.
3, 95231
List the prime factors of 3407380.
2, 5, 170369
What are the prime factors of 13782048?
2, 3, 7, 20509
List the prime factors of 3615519.
3, 1205173
What are the prime factors of 6906497?
13, 97, 5477
What are the prime factors of 664185?
3, 5, 44279
What are the prime factors of 6619458?
2, 3, 139, 7937
What are the prime factors of 2990936?
2, 13, 28759
What are the prime factors of 2756598?
2, 3, 13, 59, 599
What are the prime factors of 217987?
7, 11, 19, 149
What are the prime factors of 714376?
2, 13, 6869
List the prime factors of 1130607.
3, 269, 467
What are the prime factors of 1244052?
2, 3, 11519
List the prime factors of 931814.
2, 13, 35839
What are the prime factors of 180148?
2, 29, 1553
What are the prime factors of 684370?
2, 5, 68437
What are the prime factors of 1666186?
2, 19, 163, 269
What are the prime factors of 4717871?
19, 248309
List the prime factors of 261561.
3, 87187
List the prime factors of 3002822.
2, 1501411
What are the prime factors of 18428338?
2, 43, 214283
List the prime factors of 11730.
2, 3, 5, 17, 23
What are the prime factors of 49460?
2, 5, 2473
List the prime factors of 13351689.
3, 13, 38039
What are the prime factors of 138290?
2, 5, 13829
List the prime factors of 18101.
23, 787
What are the prime factors of 2183?
37, 59
What are the prime factors of 1111417?
607, 1831
What are the prime factors of 809205?
3, 5, 73, 739
List the prime factors of 1996181.
11, 89, 2039
What are the prime factors of 3485291?
3485291
List the prime factors of 442920.
2, 3, 5, 3691
List the prime factors of 7603576.
2, 950447
List the prime factors of 8921097.
3, 241, 457
What are the prime factors of 7725325?
5, 309013
What are the prime factors of 170381?
67, 2543
List the prime factors of 5152751.
17, 47, 6449
What are the prime factors of 353313?
3, 37, 1061
What are the prime factors of 26548675?
5, 71, 14957
List the prime factors of 143418.
2, 3, 11, 41, 53
What are the prime factors of 4913700?
2, 3, 5, 11, 1489
What are the prime factors of 568359?
3, 11, 5741
List the prime factors of 201549.
3, 23, 127
List the prime factors of 3913161.
3, 7, 31, 6011
What are the prime factors of 2039505?
3, 5, 13, 10459
What are the prime factors of 124023?
3, 41341
List the prime factors of 1218049.
7, 174007
List the prime factors of 109757.
41, 2677
What are the prime factors of 20589418?
2, 191, 53899
List the prime factors of 165965.
5, 19, 1747
What are the prime factors of 3482010?
2, 3, 5, 7, 5527
What are the prime factors of 3383504?
2, 211469
What are the prime factors of 3590615?
5, 7, 173, 593
List the prime factors of 2938241.
2938241
List the prime factors of 224885.
5, 41, 1097
List the prime factors of 660261.
3, 7, 23, 1367
What are the prime factors of 279083?
7, 39869
What are the prime factors of 6882?
2, 3, 31, 37
What are the prime factors of 254986?
2, 127493
List the prime factors of 4773329.
11, 103, 383
List the prime factors of 13856.
2, 433
What are the prime factors of 1325994?
2, 3, 31, 7129
List the prime factors of 1713194.
2, 7, 79, 1549
List the prime factors of 21957276.
2, 3, 11, 397, 419
List the prime factors of 1697150.
2, 5, 7, 13, 373
List the prime factors of 1078896.
2, 3, 7, 13, 19
List the prime factors of 1954335.
3, 5, 113, 1153
List the prime factors of 294057.
3, 10891
List the prime factors of 154143.
3, 11, 173
List the prime factors of 9932351.
11, 13, 69457
What are the prime factors of 1109654?
2, 7, 13, 67
List the prime factors of 278450.
2, 5, 5569
What are the prime factors of 9324541?
9324541
What are the prime factors of 378276?
2, 3, 29, 1087
What are the prime factors of 5798368?
2, 181199
What are the prime factors of 2551393?
13, 31, 487
What are the prime factors of 11347011?
3, 13, 293, 331
List the prime factors of 582049.
13, 44773
What are the prime factors of 388789?
388789
What are the prime factors of 1180890?
2, 3, 5, 13121
List the prime factors of 1663187.
37, 79, 569
What are the prime factors of 15553290?
2, 3, 5, 23, 22541
List the prime factors of 9444502.
2, 89, 97, 547
List the prime factors of 1209644.
2, 302411
List the prime factors of 6401254.
2, 1559, 2053
What are the prime factors of 251539?
251539
List the prime factors of 14542759.
7, 11, 26981
What are the prime factors of 1428578?
2, 17, 42017
List the prime factors of 7083573.
3, 7, 337313
What are the prime factors of 272968?
2, 149, 229
List the prime factors of 24577.
7, 3511
List the prime factors of 31027569.
3, 59, 307, 571
What are the prime factors of 217342?
2, 271, 401
What are the prime factors of 276048?
2, 3, 71
What are the prime factors of 4217275?
5, 17, 9923
What are the prime factors of 134486?
2, 11, 6113
What are the prime factors of 6301982?
2, 139, 22669
What are the prime factors of 3307353?
3, 7, 149, 151
List the prime factors of 6768504.
2, 3, 94007
List the prime factors of 5285863.
11, 480533
What are the prime factors of 619040?
2, 5, 53, 73
What are the prime factors of 596388?
2, 3, 13, 3823
List the